ded by 136?
15
Calculate the remainder when 31645 is divided by 10.
5
Calculate the remainder when 21647 is divided by 1204.
1179
What is the remainder when 593 is divided by 582?
11
What is the remainder when 3025 is divided by 1508?
9
Calculate the remainder when 46860 is divided by 438.
432
What is the remainder when 61554 is divided by 12?
6
Calculate the remainder when 1532 is divided by 60.
32
What is the remainder when 71147 is divided by 462?
461
What is the remainder when 21269 is divided by 4128?
629
Calculate the remainder when 521459 is divided by 20.
19
Calculate the remainder when 8024 is divided by 278.
240
What is the remainder when 355017 is divided by 5635?
12
Calculate the remainder when 449162 is divided by 9.
8
Calculate the remainder when 13730 is divided by 63.
59
What is the remainder when 139068 is divided by 14?
6
What is the remainder when 2290 is divided by 19?
10
What is the remainder when 9712685 is divided by 114?
113
Calculate the remainder when 56476 is divided by 18767.
175
Calculate the remainder when 12281 is divided by 104.
9
What is the remainder when 32090 is divided by 17?
11
What is the remainder when 2911 is divided by 107?
22
What is the remainder when 3706454 is divided by 1816?
1814
What is the remainder when 100639 is divided by 718?
119
What is the remainder when 2516 is divided by 284?
244
What is the remainder when 16369 is divided by 66?
1
Calculate the remainder when 177363 is divided by 103.
100
What is the remainder when 27337 is divided by 2725?
87
Calculate the remainder when 3427 is divided by 12.
7
What is the remainder when 2685 is divided by 126?
39
What is the remainder when 109313 is divided by 94?
85
Calculate the remainder when 18662224 is divided by 145.
144
What is the remainder when 4500 is divided by 54?
18
What is the remainder when 1031 is divided by 286?
173
What is the remainder when 37702 is divided by 18710?
282
Calculate the remainder when 3662 is divided by 95.
52
What is the remainder when 6305 is divided by 57?
35
Calculate the remainder when 714 is divided by 320.
74
Calculate the remainder when 58655 is divided by 208.
207
Calculate the remainder when 34582 is divided by 2189.
1747
Calculate the remainder when 25254 is divided by 377.
372
Calculate the remainder when 149571 is divided by 149571.
0
Calculate the remainder when 12224 is divided by 95.
64
Calculate the remainder when 66812 is divided by 115.
112
Calculate the remainder when 561197 is divided by 726.
725
What is the remainder when 6379 is divided by 237?
217
What is the remainder when 29147 is divided by 9?
5
What is the remainder when 6306 is divided by 370?
16
Calculate the remainder when 111571 is divided by 11.
9
Calculate the remainder when 14330 is divided by 7162.
6
What is the remainder when 90002 is divided by 3?
2
Calculate the remainder when 11021 is divided by 524.
17
What is the remainder when 536101 is divided by 514?
513
What is the remainder when 273409 is divided by 190?
189
Calculate the remainder when 7873 is divided by 4.
1
What is the remainder when 292661 is divided by 895?
891
What is the remainder when 693407 is divided by 32?
31
What is the remainder when 12230 is divided by 471?
455
What is the remainder when 36368 is divided by 2260?
208
Calculate the remainder when 1131 is divided by 66.
9
Calculate the remainder when 2518 is divided by 100.
18
What is the remainder when 15710 is divided by 313?
60
Calculate the remainder when 40645 is divided by 542.
537
Calculate the remainder when 51426 is divided by 39.
24
What is the remainder when 2645 is divided by 178?
153
Calculate the remainder when 22792 is divided by 144.
40
What is the remainder when 5115998 is divided by 314?
310
What is the remainder when 35473 is divided by 18?
13
Calculate the remainder when 10708 is divided by 1878.
1318
What is the remainder when 395 is divided by 84?
59
What is the remainder when 15979 is divided by 32?
11
Calculate the remainder when 231672 is divided by 32.
24
Calculate the remainder when 157011 is divided by 1130.
1071
Calculate the remainder when 14148 is divided by 1088.
4
Calculate the remainder when 6047 is divided by 2347.
1353
What is the remainder when 56861 is divided by 677?
670
Calculate the remainder when 1991 is divided by 215.
56
Calculate the remainder when 13239 is divided by 19.
15
What is the remainder when 186 is divided by 161?
25
What is the remainder when 174814 is divided by 87397?
20
Calculate the remainder when 1961 is divided by 196.
1
What is the remainder when 4550 is divided by 516?
422
What is the remainder when 1224 is divided by 1179?
45
What is the remainder when 32827 is divided by 32803?
24
What is the remainder when 24180 is divided by 3453?
9
What is the remainder when 13754 is divided by 3954?
1892
Calculate the remainder when 1262659 is divided by 406.
405
What is the remainder when 22657 is divided by 83?
81
What is the remainder when 5663 is divided by 298?
1
What is the remainder when 94280 is divided by 307?
31
Calculate the remainder when 224314 is divided by 45.
34
Calculate the remainder when 2482 is divided by 3.
1
Calculate the remainder when 56986 is divided by 1841.
1756
What is the remainder when 860954 is divided by 943?
938
Calculate the remainder when 151456 is divided by 9.
4
What is the remainder when 4538 is divided by 2217?
104
Calculate the remainder when 4433 is divided by 1098.
41
What is the remainder when 28101 is divided by 365?
361
Calculate the remainder when 3777 is divided by 1715.
347
What is the remainder when 6296 is divided by 6285?
11
What is the remainder when 2091 is divided by 138?
21
What is the remainder when 140295 is divided by 230?
225
Calculate the remainder when 12375 is divided by 13.
12
Calculate the remainder when 36708 is divided by 123.
54
What is the remainder when 8511 is divided by 851?
1
What is the remainder when 58894 is divided by 10?
4
Calculate the remainder when 10681 is divided by 2136.
1
What is the remainder when 19240 is divided by 1603?
4
What is the remainder when 1058 is divided by 86?
26
Calculate the remainder when 10041 is divided by 1251.
33
Calculate the remainder when 4975 is divided by 29.
16
What is the remainder when 7451 is divided by 293?
126
Calculate the remainder when 202041 is divided by 183.
9
What is the remainder when 85 is divided by 13?
7
Calculate the remainder when 38026 is divided by 117.
1
Calculate the remainder when 13982 is divided by 4643.
53
Calculate the remainder when 86069 is divided by 1871.
3
Calculate the remainder when 21052 is divided by 174.
172
What is the remainder when 703247 is divided by 294?
293
Calculate the remainder when 70037 is divided by 206.
203
Calculate the remainder when 14657 is divided by 543.
539
Calculate the remainder when 10583 is divided by 210.
83
What is the remainder when 13055 is divided by 54?
41
Calculate the remainder when 7283 is divided by 873.
299
What is the remainder when 7366575 is divided by 1484?
1483
Calculate the remainder when 92863 is divided by 41.
39
Calculate the remainder when 3249 is divided by 271.
268
Calculate the remainder when 1066977 is divided by 533487.
3
What is the remainder when 1723 is divided by 327?
88
What is the remainder when 1367 is divided by 392?
191
Calculate the remainder when 1861 is divided by 116.
5
What is the remainder when 6195 is divided by 5885?
310
What is the remainder when 1905 is divided by 867?
171
What is the remainder when 910 is divided by 256?
142
Calculate the remainder when 864 is divided by 10.
4
What is the remainder when 2277 is divided by 88?
77
What is the remainder when 2754 is divided by 26?
24
Calculate the remainder when 1054219 is divided by 53.
49
Calculate the remainder when 74357 is divided by 40.
37
What is the remainder when 223366 is divided by 35?
31
What is the remainder when 396107 is divided by 395?
317
Calculate the remainder when 3833 is divided by 84.
53
Calculate the remainder when 835028 is divided by 39.
38
What is the remainder when 11890 is divided by 47?
46
What is the remainder when 149408 is divided by 39?
38
Calculate the remainder when 9392 is divided by 1844.
172
Calculate the remainder when 24929 is divided by 34.
7
Calcu